tens digit of 108298?
9
What is the thousands digit of 2331?
2
What is the ten thousands digit of 16665?
1
What is the units digit of 14916?
6
What is the hundreds digit of 2207?
2
What is the tens digit of 17?
1
What is the units digit of 1570?
0
What is the hundreds digit of 2384?
3
What is the units digit of 6374?
4
What is the thousands digit of 1534?
1
What is the thousands digit of 44668?
4
What is the hundreds digit of 11183?
1
What is the units digit of 75839?
9
What is the tens digit of 891?
9
What is the tens digit of 81?
8
What is the tens digit of 5456?
5
What is the units digit of 17027?
7
What is the units digit of 347?
7
What is the units digit of 424?
4
What is the ten thousands digit of 10630?
1
What is the tens digit of 136?
3
What is the tens digit of 1109?
0
What is the thousands digit of 1053?
1
What is the tens digit of 30?
3
What is the units digit of 1347?
7
What is the hundreds digit of 425?
4
What is the hundreds digit of 1155?
1
What is the hundreds digit of 39690?
6
What is the units digit of 2930?
0
What is the hundreds digit of 13185?
1
What is the thousands digit of 3768?
3
What is the hundreds digit of 577?
5
What is the tens digit of 47133?
3
What is the thousands digit of 2900?
2
What is the tens digit of 87633?
3
What is the thousands digit of 4821?
4
What is the thousands digit of 8084?
8
What is the tens digit of 765?
6
What is the thousands digit of 5859?
5
What is the ten thousands digit of 57743?
5
What is the hundreds digit of 13549?
5
What is the hundreds digit of 31945?
9
What is the thousands digit of 81798?
1
What is the ten thousands digit of 36245?
3
What is the thousands digit of 10730?
0
What is the units digit of 10?
0
What is the units digit of 211?
1
What is the units digit of 40?
0
What is the thousands digit of 1758?
1
What is the units digit of 28896?
6
What is the hundreds digit of 1469?
4
What is the units digit of 124804?
4
What is the units digit of 3515?
5
What is the units digit of 27733?
3
What is the tens digit of 738?
3
What is the hundreds digit of 22757?
7
What is the hundreds digit of 6655?
6
What is the hundreds digit of 2165?
1
What is the thousands digit of 3290?
3
What is the tens digit of 8582?
8
What is the tens digit of 2755?
5
What is the thousands digit of 1445?
1
What is the units digit of 40000?
0
What is the thousands digit of 1525?
1
What is the tens digit of 2143?
4
What is the hundreds digit of 3312?
3
What is the hundred thousands digit of 116609?
1
What is the hundreds digit of 3559?
5
What is the units digit of 863?
3
What is the thousands digit of 4379?
4
What is the tens digit of 20?
2
What is the units digit of 75706?
6
What is the units digit of 3744?
4
What is the tens digit of 357?
5
What is the units digit of 4449?
9
What is the tens digit of 838?
3
What is the thousands digit of 4130?
4
What is the units digit of 1842?
2
What is the units digit of 2204?
4
What is the thousands digit of 2050?
2
What is the tens digit of 65087?
8
What is the tens digit of 24350?
5
What is the tens digit of 23816?
1
What is the hundreds digit of 714?
7
What is the units digit of 26325?
5
What is the tens digit of 580?
8
What is the hundreds digit of 1851?
8
What is the hundreds digit of 93252?
2
What is the hundreds digit of 2115?
1
What is the tens digit of 44037?
3
What is the ten thousands digit of 30487?
3
What is the units digit of 803?
3
What is the tens digit of 89?
8
What is the thousands digit of 18409?
8
What is the thousands digit of 3301?
3
What is the thousands digit of 4205?
4
What is the tens digit of 93218?
1
What is the hundreds digit of 34975?
9
What is the tens digit of 11739?
3
What is the units digit of 1041?
1
What is the thousands digit of 10385?
0
What is the ten thousands digit of 15503?
1
What is the thousands digit of 45213?
5
What is the units digit of 4558?
8
What is the units digit of 72977?
7
What is the units digit of 1874?
4
What is the thousands digit of 15855?
5
What is the tens digit of 4966?
6
What is the tens digit of 17495?
9
What is the thousands digit of 1318?
1
What is the hundreds digit of 415?
4
What is the units digit of 4206?
6
What is the units digit of 8457?
7
What is the thousands digit of 1787?
1
What is the units digit of 1503?
3
What is the ten thousands digit of 141771?
4
What is the units digit of 1129?
9
What is the thousands digit of 1717?
1
What is the tens digit of 15725?
2
What is the hundreds digit of 3697?
6
What is the units digit of 28820?
0
What is the thousands digit of 33392?
3
What is the hundreds digit of 13742?
7
What is the thousands digit of 25681?
5
What is the tens digit of 7677?
7
What is the units digit of 735?
5
What is the hundreds digit of 998?
9
What is the units digit of 1164?
4
What is the ten thousands digit of 30058?
3
What is the hundreds digit of 429?
4
What is the hundreds digit of 86290?
2
What is the hundreds digit of 46067?
0
What is the ten thousands digit of 40232?
4
What is the tens digit of 20?
2
What is the ten thousands digit of 12555?
1
What is the thousands digit of 26724?
6
What is the tens digit of 545?
4
What is the hundreds digit of 1595?
5
What is the hundreds digit of 683?
6
What is the tens digit of 19129?
2
What is the ten thousands digit of 72962?
7
What is the tens digit of 128405?
0
What is the units digit of 22801?
1
What is the units digit of 1581?
1
What is the units digit of 4053?
3
What is the thousands digit of 45159?
5
What is the units digit of 4121?
1
What is the hundreds digit of 3204?
2
What is the hundreds digit of 14482?
4
What is the tens digit of 10110?
1
What is the thousands digit of 29087?
9
What is the hundreds digit of 1695?
6
What is the hundreds digit of 925?
9
What is the thousands digit of 29078?
9
What is the thousands digit of 20343?
0
What is the thousands digit of 3537?
3
What is the tens digit of 4798?
9
What is the thousands digit of 1099?
1
What is the units digit of 14157?
7
What is the thousands digit of 2230?
2
What is the units digit of 1980?
0
What is the ten thousands digit of 63301?
6
What is the ten thousands digit of 13917?
1
What is the tens digit of 53645?
4
What is the hundreds digit of 1566?
5
What is the thousands digit of 65723?
5
What is the units digit of 3372?
2
What is the hundreds digit of 3239?
2
What is the hundreds digit of 886?
8
What is the hundreds digit of 51734?
7
What is the thousands digit of 2259?
2
What is the units digit of 969?
9
What is the thousands digit of 20097?
0
What is the tens digit of 4239?
3
What is the hundreds digit of 2458?
4
What is the tens digit of 20674?
7
What is the hundreds digit of 780?
7
What is the hundreds digit of 41944?
9
What is the hundreds digit of 6377?
3
What is the ten thousands digit of 22244?
2
What is the hundreds digit of 1927?
9
What is the units digit of 2219?
9
What is the ten thousands digit of 39113?
3
What is the units digit of 35397?
7
What is the tens digit of 10846?
4
What is the units digit of 27437?
7
What is the ten thousands digit of 18805?
1
What is the hundreds digit of 82158?
1
What is the units digit of 1834?
4
What is the hundreds digit of 131924?
9
What is the units digit of 2276?
6
What is the units digit of 1788?
8
What is the tens digit of 1164?
6
What is the thousands digit of 5272?
5
What is the units digit of 6524?
4
What is the hundreds digit of 296?
2
What is the units digit of 24?
4
What is the units digit of 936?
6
What is the thousands digit of 13425?
3
What is the units digit of 677?
7
What is the units digit of 529?
9
What is the tens digit of 29725?
2
What is the tens digit of 872?
7
What is the units digit of 4475?
5
What is the units digit of 2185?
5
What is the thousands digit of 1637?
1
What is the units digit of 36582?
2
What is the tens digit of 24696?
9
What is the tens digit of 40?
4
What is the units digit of 58064?
4
What is the thousands digit of 59300?
9
What is the hundreds digit of 1790?
7
What is the tens digit of 36328?
2
What is the hundreds digit of 555?
5
What is the units digit of 702?
2
What is the tens digit of 28809?
0
What is the units digit of 142186?
6
What is the tens digit of 8905?
0
What is the tens digit of 8767?
6
What is the tens digit of 69?
6
What is the ten thousands digit of 19134?
1
What is t